me factors of y?
13
Let p(s) = -2*s**3 - 4*s**2 + 3*s + 1. List the prime factors of p(-5).
2, 17
Suppose -4*n = z + 197, 2*z + 0*n = 2*n - 434. List the prime factors of z/(-12) + (-3)/4.
17
Suppose -g + 104 = 29. What are the prime factors of g?
3, 5
Let d = 116 + 121. What are the prime factors of d/12 + 1/4?
2, 5
Let d = -8 + 2. Let x(n) = -n - 3. Let l be x(d). List the prime factors of l*(0 - 5/(-3)).
5
Let k = -66 - -164. Let p = -46 + k. What are the prime factors of p?
2, 13
Suppose 0 = -0*c + 4*c - 176. What are the prime factors of c?
2, 11
Let k be (-24)/(-9)*6/(-4). Let q be 1/((-10)/k + -2). What are the prime factors of (-1)/q + (-33)/(-6)?
5
What are the prime factors of (-5)/((-10)/8) - -81?
5, 17
List the prime factors of -2*2/(-4)*29.
29
Suppose -r + 2*d - 6 = 0, r - d + 5 = 2*d. Let k = -5 - r. Let x(s) = 3*s**2 - s - 4. List the prime factors of x(k).
2, 5
Let j = -19 + 25. What are the prime factors of j?
2, 3
Let q(m) = m**3 - 8 + 4 - 14*m + 7*m**2 - 3. List the prime factors of q(-8).
41
Let r(p) = -p**2 + 5*p + 1. Let s be r(4). What are the prime factors of 18 + (2 - 5) + s?
2, 5
Suppose 2*q + 2 = q. List the prime factors of 2*q/4 - -10.
3
Let p = -1 - -20. List the prime factors of p.
19
Suppose -2*y = y - 9. Let c = y + 0. Suppose -5*d + 2*p + 12 = 0, 0*d + 13 = 5*d - c*p. List the prime factors of d.
2
Let i be (-1)/6 - 124/(-24). List the prime factors of 2/i - (-246)/10.
5
Let r = -94 + 273. List the prime factors of r.
179
Suppose -2*n = -r - 67, 3*n + 0*r = 2*r + 101. Let c = n + -17. What are the prime factors of c?
2
Let n be 32 - 3/((-3)/2). Let j = -15 + n. What are the prime factors of j?
19
Suppose -5*b - 15 + 5 = 0. Suppose -5*i - 2*z = -40, 2*i + z - 16 = -0. Let l = b + i. List the prime factors of l.
2, 3
Suppose 205 + 95 = 3*p. List the prime factors of p.
2, 5
Let z be -5 + (-6 - (-4 - -1)). Let r(k) = -k**3 - 9*k**2 - 8*k + 9. List the prime factors of r(z).
3
Suppose 2*k + 1 = 3*p, 3*p + k = 4*k - 3. Suppose -3*y + 66 = p*x, -4*y + 4*x = -0*x - 120. What are the prime factors of y?
2, 13
Let v be (-1 - -1)*6/(-12). Let w(r) = r + 12. Let l be w(v). Suppose -o = 5*j - 23, 3*j - l = -o + 1. What are the prime factors of j?
5
Let w(c) = c**2 - 4*c + 5. What are the prime factors of w(5)?
2, 5
Let q(n) = n**2 - n + 3. Suppose -3*z = c - 8, 0 = c + 5*z - 7 - 3. Let b be q(c). Let r = -13 + b. List the prime factors of r.
2, 5
Let t = 348 - 243. What are the prime factors of t?
3, 5, 7
Let i be 3 - 4/2 - 1. Suppose k + 0*k = i. Suppose k = c + 3*c - 40. What are the prime factors of c?
2, 5
Suppose -4*m - 84 = -3*b + 11, -b - 2*m = -15. Suppose 3*v = o + 29, -3*v + b = o - 3*o. List the prime factors of v.
11
Suppose z - 113 = 5*s, 3*z + 3*s = z + 239. Suppose 0*d - 4*c + 11 = d, 5*d - z = c. List the prime factors of d.
23
Let d(o) = 5*o**2 + 1. Let k be d(1). Let g = k + -3. List the prime factors of g.
3
Let r(v) = v**2 - 3*v + 5. Let u be r(-5). Let y be 3/(-3 + u/12). Let f(i) = 2*i + 4. What are the prime factors of f(y)?
2, 3
Suppose 2*u = -0*u + 4*r + 222, 4*u = 2*r + 450. What are the prime factors of u?
113
Suppose 0 = 7*d - 366 - 54. List the prime factors of d.
2, 3, 5
Let l = -68 - -115. List the prime factors of l.
47
List the prime factors of (207/(-27))/((-2)/18).
3, 23
Let c be (-5 - 5)/(1/3). Let q be 5/(-10) + c/(-4). Suppose -5*o = 5*z - 25, -q*z + 3*z + o = -5. What are the prime factors of z?
2
Suppose -3*k + 0*k = -72. Suppose -h = -5*h + k. List the prime factors of h.
2, 3
Let l(d) = -d + 6. Let g be l(0). Let k = 0 + g. List the prime factors of k.
2, 3
Suppose 0 = -c - m + 20, -5*c - 4*m = -112 + 12. What are the prime factors of c?
2, 5
Suppose -14*s = -13*s - 192. List the prime factors of s.
2, 3
Let x(c) be the first derivative of c**6/180 + c**5/20 + c**4/8 + 2*c**3/3 - 1. Let v(r) be the third derivative of x(r). List the prime factors of v(-4).
11
Let c(p) = -p**2 - 3*p - 3. Let x be c(-2). What are the prime factors of (-2)/(5/(-4) - x)?
2
Suppose g + 4*o = 75, -5*g + 354 = 5*o + 9. Suppose -5*s - 33 - 38 = -p, p - 4*s = g. List the prime factors of p.
3, 17
Suppose 2*m = 4*m + 46. Let d = m - -40. Suppose -4*l - d = -89. List the prime factors of l.
2, 3
Let d = 42 - 34. What are the prime factors of d?
2
Let z = -5 - -7. Suppose 9 = 2*m - p, -z*p - 13 = -4*m - p. Suppose -3*q + 8*q = 3*w - 5, -3*q - 5 = -m*w. List the prime factors of w.
2, 5
Let v be (-7)/(-3) - 1/3. Suppose v*u + 12 = 5*u. What are the prime factors of u?
2
Let o(a) = -4*a**3 + a + 1. Let f(x) = x**2 + 8*x - 3. Let g be f(-8). Let q = g + 2. What are the prime factors of o(q)?
2
Let w = -148 + 438. List the prime factors of w.
2, 5, 29
Suppose -9108 = -20*r - 1368. What are the prime factors of r?
3, 43
Let r(v) = -v**3 + 10*v**2 + 11*v + 14. Let k be r(11). Let h = 10 - 20. Let i = h + k. List the prime factors of i.
2
Suppose -4*a + 4*p + 0*p = 28, -4*a - 26 = -5*p. Let i(u) = u**2 + 10*u + 20. What are the prime factors of i(a)?
11
Let i(f) = f**3 - 12*f**2 + 10*f + 13. Let l be i(11). Suppose -7*y + 2*y - 25 = 0, l*k = y + 29. What are the prime factors of k?
2, 3
What are the prime factors of (-5 + 0)*(-17)/(85/88)?
2, 11
Let f = 12 - 22. List the prime factors of 34/10 + 4/f.
3
Let b be (-5 + -1)*(1 - 0). Let p = b + 8. List the prime factors of p.
2
Let x(w) = -w**3 + 8*w**2 + 4*w + 13. Let j be x(9). List the prime factors of -1 - j - 2*-1.
3, 11
Let p(z) = -z - 7. Let g(m) be the second derivative of -m**5/20 - m**4/4 + 2*m**3/3 + m**2/2 + m. Let u be g(-3). List the prime factors of p(u).
2
Let t be 11 - 5/((-10)/(-6)). Let m = t - 0. What are the prime factors of m?
2
Suppose -f = -o + 5*o - 95, -2*o + f + 55 = 0. Let b = -18 + o. Suppose a + 2*q = 6*q - b, 3*a - 43 = -4*q. What are the prime factors of a?
3
Suppose 0 = -f - f - 20. Let q = -3 - f. List the prime factors of q.
7
Suppose -2*b + 6*b = 24. Let o(g) = 2*g + 6. List the prime factors of o(b).
2, 3
Let i(f) = -11*f + 1. What are the prime factors of i(-2)?
23
Let u be (-6)/(-4 - (-3 + 1)). Suppose -u*p - 40 = -7*p. What are the prime factors of p?
2, 5
Let t = -9 + 11. Let d(n) = n**2 - 5*n + 4. Let p be d(4). Let s = t + p. List the prime factors of s.
2
Let n be 128/(-12)*6/(-4). Let v = -2 + n. What are the prime factors of v?
2, 7
Let j(q) = 30*q - 5. List the prime factors of j(2).
5, 11
Suppose 3*v + 4*d = 65, d - 3 = -5*v + 94. List the prime factors of v.
19
Suppose 0*t + 129 = -3*t. Let u = -26 - t. List the prime factors of u.
17
Suppose 5*s = -3*g + 537, 7*g = 2*g + 5*s + 895. List the prime factors of g.
179
Let h = 207 - 138. What are the prime factors of h?
3, 23
Let i be 6/(-39) + 162/39. Suppose -100 = -i*o - 0*o. List the prime factors of o.
5
Suppose 3*j + j = 108. List the prime factors of j.
3
Let a = -10 - -8. What are the prime factors of (-3)/(-2)*a - -12?
3
Suppose 2*v + 4 = -3*p, 0 = -2*p + 2*v - 6 - 0. Let u be (-9)/(-3) - (-1 + p). What are the prime factors of (u - 3 - 2)*11?
11
Let g be ((-80)/(-6))/((-6)/81). What are the prime factors of g/(-27)*(-12)/(-5)?
2
Let t = 241 + -171. What are the prime factors of t?
2, 5, 7
Suppose 0*b - 3*b = 0. Suppose b = -4*u - 16, 0 = 3*q + 4*u - 2*u - 61. Let c = -16 + q. List the prime factors of c.
7
Let a(i) = i**2 - 5*i + 4. Let g be a(4). Let j be g - -4*(-1 - -2). Suppose -26 = -4*f + 2*d, 3*d - j*d + 15 = 5*f. List the prime factors of f.
2
What are the prime factors of -3 + (5 - -150) + 4?
2, 3, 13
Suppose -141 = f - 4*f. What are the prime factors of f?
47
Let c = -1 + 14. List the prime factors of c.
13
Suppose 4*q = 2*w + 32, 0 = -5*q - 5*w + 17 + 8. Let s = q - -2. List the prime factors of s.
3
Suppose 3*k = 3*g + 117, 2*k + 5*g - 108 + 37 = 0. Suppose -4*q + 26 + k = 0. List the prime factors of q.
2
Let z(y) = -2*y**2 + y - 8. Let a(s) = -5*s**2 + 3*s - 23. Let g(k) = -3*a(k) + 8*z(k). Suppose 10*x = -2*x. What are the prime factors of g(x)?
5
Let a(y) = y - 7. Suppose -5*w + 3*d + 18 = 0, 0 = 2*w + 2*w + d - 28. Let m be a(w). List the prime factors of m/2 - 44/(-8).
5
Let q(g) = -11*g**3 + 10*g**3 + 1 + 6*g - 4 - 8*g**2. List the prime factors of q(-9).
2, 3
Let q = -19 + 37. Suppose -4*p - 38 - q = -4*i, -i - 2*p = -26. List the prime fac